{"id":2,"date":"2022-08-25T05:50:48","date_gmt":"2022-08-25T05:50:48","guid":{"rendered":"http:\/\/www.itgp.org\/blog\/?page_id=2"},"modified":"2023-05-08T19:53:30","modified_gmt":"2023-05-08T19:53:30","slug":"pagina-ejemplo","status":"publish","type":"page","link":"https:\/\/www.itgp.org\/blog\/pagina-ejemplo\/","title":{"rendered":"Sobre el ITGP"},"content":{"rendered":"\n<p>El Instituto de T\u00e9cnicas de Grupo y Psicodrama (ITGP) es el centro pionero de Formaci\u00f3n en Psicodrama en Espa\u00f1a. Fundado en el a\u00f1o 1970 por un grupo de psiquiatras y psic\u00f3logos y actualmente dirigido por Pablo Poblaci\u00f3n Knappe (Doctor en Medicina. Psiquiatra) y Elisa L\u00f3pez Barber\u00e1 (Psic\u00f3loga Cl\u00ednica), ha promovido la expansi\u00f3n y difusi\u00f3n del Psicodrama, (Individual, Grupal, de Familia y Pareja) y de la Psicoterapia de Grupo, mediante la formaci\u00f3n de un gran n\u00famero de Psicodramatistas y Psicoterapeutas.<\/p>\n\n\n\n<p>El ITGP cubre una formaci\u00f3n rigurosa y completa en Psicodrama en sus vertientes de psicodrama cl\u00ednico-psicoterap\u00e9utico, psicodrama socioeducativo y en formaci\u00f3n continuada.<\/p>\n\n\n\n<p>Sus docentes est\u00e1n acreditados por: Asociaci\u00f3n espa\u00f1ola de Psicodrama (AEP). Federaci\u00f3n Espa\u00f1ola de Asociaciones de Psicoterapeutas (FEAP) Federaci\u00f3n Espa\u00f1ola de Asociaciones de Terapeutas Familiares (FEATF). European Family Therapy Association (EFTA).<\/p>\n\n\n\n<p>El ITGP es Miembro de la International Association of Group Psychoterapy (I.A.G.P.). Miembro Fundador de la Secci\u00f3n Internacional de Psicodrama de la I.A.G.P..<\/p>\n\n\n\n<blockquote class=\"wp-block-quote is-layout-flow wp-block-quote-is-layout-flow\">\n<p><\/p>\n<\/blockquote>\n","protected":false},"excerpt":{"rendered":"<p>El Instituto de T\u00e9cnicas de Grupo y Psicodrama (ITGP) es el centro pionero de Formaci\u00f3n en Psicodrama en Espa\u00f1a. Fundado en el a\u00f1o 1970 por un grupo de psiquiatras y psic\u00f3logos y actualmente dirigido por Pablo Poblaci\u00f3n Knappe (Doctor en Medicina. Psiquiatra) y Elisa L\u00f3pez Barber\u00e1 (Psic\u00f3loga Cl\u00ednica), ha promovido la expansi\u00f3n y difusi\u00f3n del&#8230;<\/p>\n","protected":false},"author":1,"featured_media":0,"parent":0,"menu_order":0,"comment_status":"closed","ping_status":"open","template":"","meta":{"_kadence_starter_templates_imported_post":false,"_kad_post_transparent":"","_kad_post_title":"","_kad_post_layout":"","_kad_post_sidebar_id":"","_kad_post_content_style":"","_kad_post_vertical_padding":"","_kad_post_feature":"","_kad_post_feature_position":"","_kad_post_header":false,"_kad_post_footer":false,"_kad_post_classname":"","footnotes":""},"class_list":["post-2","page","type-page","status-publish","hentry"],"_links":{"self":[{"href":"https:\/\/www.itgp.org\/blog\/wp-json\/wp\/v2\/pages\/2","targetHints":{"allow":["GET"]}}],"collection":[{"href":"https:\/\/www.itgp.org\/blog\/wp-json\/wp\/v2\/pages"}],"about":[{"href":"https:\/\/www.itgp.org\/blog\/wp-json\/wp\/v2\/types\/page"}],"author":[{"embeddable":true,"href":"https:\/\/www.itgp.org\/blog\/wp-json\/wp\/v2\/users\/1"}],"replies":[{"embeddable":true,"href":"https:\/\/www.itgp.org\/blog\/wp-json\/wp\/v2\/comments?post=2"}],"version-history":[{"count":1,"href":"https:\/\/www.itgp.org\/blog\/wp-json\/wp\/v2\/pages\/2\/revisions"}],"predecessor-version":[{"id":140,"href":"https:\/\/www.itgp.org\/blog\/wp-json\/wp\/v2\/pages\/2\/revisions\/140"}],"wp:attachment":[{"href":"https:\/\/www.itgp.org\/blog\/wp-json\/wp\/v2\/media?parent=2"}],"curies":[{"name":"wp","href":"https:\/\/api.w.org\/{rel}","templated":true}]}}